.
-12
Let l(b) = -b**3 + 8*b**2 - 11*b - 7. Determine l(6).
-1
Let r(d) = -12*d + 278. Calculate r(24).
-10
Let z(m) = m**3 + 9*m**2 + 7*m + 76. Determine z(-9).
13
Let x(l) = -51*l + 143. Calculate x(3).
-10
Let j(g) = -3*g - 9. Calculate j(-13).
30
Let w(p) = -p**2 - 11*p + 27. What is w(-11)?
27
Let j(a) = a**2 - 14*a - 53. Calculate j(16).
-21
Let w(l) = l**3 + 24*l**2 - 4. Give w(-24).
-4
Let d(f) = -f**2 + 42*f - 2. Determine d(42).
-2
Let d(x) = 2*x - 2. What is d(10)?
18
Let f(y) = 2*y**2 - 36*y - 38. Give f(19).
0
Let z(b) = -14*b - 22. Calculate z(-6).
62
Let u(t) = t**2 - 7*t - 6. Calculate u(7).
-6
Let q(n) = -n**2 + 26*n + 101. Give q(-4).
-19
Let z(y) = -61*y - 984. What is z(-16)?
-8
Let u(a) = 12*a - 6. Determine u(3).
30
Let k(q) = -2*q**2 - 24*q - 19. What is k(-16)?
-147
Let p(l) = 3*l - 48. Determine p(12).
-12
Let a(h) = h + 2. Give a(14).
16
Let t(h) = -h**3 - 8*h**2 + 25*h + 55. Calculate t(-10).
5
Let w(d) = d**2 - 2*d + 3. Determine w(1).
2
Let q(o) = -o**2 + 5*o + 56. Determine q(-6).
-10
Let h(m) = 2*m**3 + m**2 + 1. Give h(2).
21
Let o(p) = 6*p**2 - 3*p - 3. Calculate o(-1).
6
Let s(a) = 6*a**2 + 55*a + 50. Give s(-8).
-6
Let z(w) = 43*w**2 + 1. Give z(1).
44
Let r(c) = -c**3 - 30*c**2 + 32*c + 44. Calculate r(-31).
13
Let y(o) = o**3 + 19*o**2 + 21*o + 42. Calculate y(-18).
-12
Let q(t) = t - 4. What is q(2)?
-2
Let u(v) = v**3 - 7*v**2 - 5*v - 22. Calculate u(8).
2
Let g(n) = 3*n**2 - 2. Give g(3).
25
Let y(c) = -c**3 - 28*c**2 - 29*c - 45. Calculate y(-27).
9
Let m(h) = h**2 - 8*h + 2. Give m(5).
-13
Let n(v) = 59*v - 1235. Give n(21).
4
Let a(v) = v**2 - 21*v + 23. Give a(19).
-15
Let a(q) = 2*q - 72. Calculate a(36).
0
Let s(y) = y**2 + 17*y - 26. Calculate s(-18).
-8
Let c(o) = -4*o - 22. Calculate c(10).
-62
Let o(x) = -3*x**2 - 27*x - 13. Calculate o(-9).
-13
Let x(b) = 32*b + 1. What is x(-2)?
-63
Let x(g) = -14*g + 97. What is x(7)?
-1
Let g(l) = -5*l - 10. Give g(-5).
15
Let g(x) = x**3 - 21*x**2 - 22*x + 4. Give g(22).
4
Let f(y) = -4*y**2 - 5*y. Determine f(-4).
-44
Let m(n) = -n**2 - 5*n + 47. Calculate m(-10).
-3
Let p(d) = 17*d**3 - d**2 - 3*d - 2. What is p(-1)?
-17
Let k(n) = -9*n**3 - 2*n**2 + 2*n + 1. What is k(-3)?
220
Let f(t) = 132*t - 797. What is f(6)?
-5
Let z(n) = -n**2 - 5*n - 7. Calculate z(-4).
-3
Let o(x) = x**2 - 31*x + 92. Give o(28).
8
Let a(y) = y**3 + y**2 + y - 18. Determine a(0).
-18
Let c(k) = -k**3 + 6*k**2 - 5*k. Calculate c(1).
0
Let g(b) = -b**2 + 18*b - 23. What is g(17)?
-6
Let x(b) = -5*b + 4. Calculate x(-14).
74
Let n(z) = 30*z**3 + z**2 - z - 2. What is n(-1)?
-30
Let r(q) = q + 13. Determine r(0).
13
Let b(g) = g**2 + 32*g + 83. Calculate b(-3).
-4
Let p(z) = 2*z**2 + 4*z + 1. Calculate p(-5).
31
Let n(u) = -u**3 + 9*u**2 - 16*u + 3. Give n(7).
-11
Let g(j) = -38*j**2 - j. Calculate g(-2).
-150
Let t(l) = -5*l + 6. Calculate t(7).
-29
Let x(o) = -o + 15. Give x(10).
5
Let o(a) = -3*a**3 + 27*a**2 - a + 21. Give o(9).
12
Let b(t) = -3*t + 26. Determine b(7).
5
Let j(w) = 2*w + 1. Determine j(-8).
-15
Let f(w) = w**3 + 6*w**2 - 15*w + 2. Calculate f(-8).
-6
Let k(w) = -8*w**2 - w. Determine k(-1).
-7
Let q(j) = -4*j**2 + 2*j + 1. Calculate q(-2).
-19
Let w(u) = u**2 + 18*u + 8. What is w(-4)?
-48
Let i(m) = -16*m + 89. What is i(6)?
-7
Let z(h) = 6*h + 6. What is z(-4)?
-18
Let b(q) = -q**3 + 8*q**2 + 34*q - 13. What is b(11)?
-2
Let h(q) = 2*q**3 - 11*q**2 - 2. Determine h(6).
34
Let q(l) = 4*l - 68. Determine q(13).
-16
Let y(s) = -s**3 + 18*s**2 - 2*s + 28. Give y(18).
-8
Let k(m) = m**2 - 9*m - 4. Give k(11).
18
Let h(o) = o. Give h(-1).
-1
Let i(d) = -3*d**2 + 3*d + 1. Give i(-2).
-17
Let t(m) = -2*m - 38. Give t(-16).
-6
Let f(x) = -x**3 - 6*x**2 - x + 4. Calculate f(-4).
-24
Let j(g) = -6*g - 16. Calculate j(-7).
26
Let o(q) = 4*q - 70. Calculate o(-5).
-90
Let z(b) = b**3 - 7*b**2 - 6*b - 107. Give z(9).
1
Let i(f) = -f**3 + 6*f**2 + f - 2. Calculate i(5).
28
Let r(y) = -3*y + 58. What is r(19)?
1
Let v(d) = 3*d**3 - 2*d**2 - 7. Determine v(3).
56
Let h(x) = -x**3 + 2*x**2 + 8*x - 10. Determine h(5).
-45
Let w(b) = 2*b**2 + 11*b - 10. What is w(-7)?
11
Let s(c) = c**3 - 10*c**2 + 7*c + 10. Give s(9).
-8
Let u(i) = -56*i - 833. Give u(-15).
7
Let w(q) = -4*q**2 - 6*q + 5. Give w(-3).
-13
Let p(z) = 13*z + 20. Calculate p(-4).
-32
Let i(s) = s**3 + 7*s**2 + 4*s + 1. Give i(-7).
-27
Let p(a) = -a**2 + 28*a + 228. What is p(-7)?
-17
Let q(c) = 11*c + 69. Determine q(-11).
-52
Let m(t) = -t**3 - 15*t**2 + 11*t - 87. What is m(-16)?
-7
Let m(d) = d**3 - 22*d**2 - 21*d - 51. Calculate m(23).
-5
Let l(f) = f**3 - 3*f**2 - 5*f - 13. Give l(5).
12
Let u(m) = -24*m**2 + 3*m + 3. Give u(-1).
-24
Let x(f) = -28*f - 1. What is x(-1)?
27
Let y(l) = -6*l - 32. Give y(-6).
4
Let l(k) = 2*k**3 - 8*k**2 - k + 5. Calculate l(4).
1
Let t(z) = -z**3 + 7*z**2 + 2*z - 3. Give t(6).
45
Let l(s) = -s**3 + 7*s**2 + 57*s + 26. What is l(12)?
-10
Let o(y) = y**2 + 18*y - 58. What is o(-21)?
5
Let v(l) = l**3 - 6*l**2 - 15*l + 40. Calculate v(2).
-6
Let x(a) = -a**2 - 9*a + 145. Determine x(9).
-17
Let a(x) = -x**3 - 6*x**2 - 5*x + 2. Calculate a(-5).
2
Let b(z) = z**3 - 7*z**2 - 2*z - 27. Give b(8).
21
Let m(j) = j**2 + 94*j + 691. Determine m(-8).
3
Let i(h) = 64*h - 185. Determine i(3).
7
Let s(j) = -j**3 - 10*j**2 - 8*j + 17. Calculate s(-9).
8
Let k(f) = 2*f**2 - 12*f + 27. Calculate k(5).
17
Let m(l) = -l**3 + 6*l**2 + 12*l - 14. Determine m(9).
-149
Let s(b) = -2*b - 16. Determine s(-11).
6
Let q(k) = -k**2 + 6*k + 8. Give q(7).
1
Let f(k) = -k**3 + 6*k**2 + k - 7. Calculate f(6).
-1
Let l(i) = -2*i - 4. Determine l(11).
-26
Let h(a) = 7*a**2 - 84*a - 5. What is h(12)?
-5
Let y(q) = -q + 1. Calculate y(3).
-2
Let f(i) = i**2 + 3*i - 38. Determine f(-9).
16
Let s(b) = b**3 + 10*b**2 + b + 16. Calculate s(-10).
6
Let h(f) = 3*f + 18. Determine h(-8).
-6
Let b(d) = -12*d + 29. What is b(3)?
-7
Let f(v) = 9*v - 16. What is f(2)?
2
Let c(f) = -2*f**2 - f - 1. Calculate c(1).
-4
Let b(m) = m**2 - 24*m + 20. Calculate b(23).
-3
Let j(b) = 6*b + 25. Calculate j(-4).
1
Let g(n) = -3*n - 6. Calculate g(0).
-6
Let u(w) = -w**3 + 13*w**2 - 9*w - 22. Determine u(12).
14
Let c(z) = z**2 + 8*z - 11. Give c(-10).
9
Let v(k) = -k**2 - 5*k + 4. Calculate v(-5).
4
Let d(t) = t + 3. Calculate d(6).
9
Let y(f) = 5*f + 144. Give y(-30).
-6
Let y(v) = -v**2 + 3*v + 4. Calculate y(8).
-36
Let a(n) = n**2 + 9*n - 4. Calculate a(-10).
6
Let b(f) = -f**2 + 8*f - 21. Give b(6).
-9
Let t(w) = w**3 - 13*w**2 + 9*w - 15. Determine t(12).
-51
Let o(i) = -14*i**2 - 4*i + 5. Determine o(-2).
-43
Let q(i) = i**3 - 5*i**2 - i + 1. Give q(5).
-4
Let y(i) = 2*i + 25. Give y(5).
35
Let x(k) = -42*k**2 - 2*k - 1. Give x(-1).
-41
Let u(g) = g**2 + 9*g + 2. Determine u(-8).
-6
Let q(u) = -u**3 + 5*u**2 + 6*u - 11. Determine q(4).
29
Let i(a) = 29*a - 2. Give i(1).
27
Let x(f) = f**3 - 10*f**2 - 11*f + 5. Give x(11).
5
Let x(c) = -3*c**2 + 9*c + 3. Give x(3).
3
Let p(g) = g**3 - g**2 - 21*g + 1. Determine p(5).
-4
Let x(j) = 3*j - 18. Determine x(8).
6
Let y(v) = 54*v**3 + v**2 - 2*v + 1. What is y(1)?
54
Let t(h) = h**3 - 11*h**2 + 3*h - 14. What is t(11)?
19
Let z(u) = -75*u - 74. Give z(-1).
1
Let h(x) = -2*x**3 - 3*x**2 + x + 1. Calculate h(3).
-77
Let n(v) = -3*v + 69. Calculate n(11).
36
Let a(t) = t**3 - 17*t**2 + 71*t - 12. What is a(10)?
-2
Let n(j) = -j**2 + 24*j - 3. Determine n(23).
20
Let x(s) = 2*s**2 - 5*s - 6. What is x(-2)?
12
Let s(b) = -b**3 - 4*b**2. Calculate s(-3).
-9
Let f(i) = -16*i - 19. Give f(-5).
61
Let t(i) = i**3 - 11*i**2 + 17*i - 5. Determine t(7).
-82
Let j(p) = p**3 - p**2 - 7*p + 7. Determine j(-3).
-8
Let a(i) = i**2 - 6*i + 8. Calculate a(8).
24
Let n(i) = -8*i - 18. Give n(-3).
6
Let l(m) = m**2 - 8*m - 26. What is l(10)?
-6
Let m(d) = d**3 - 3*d**2 - 4*d - 21. What is m(5)?
9
Let m(s) = s**3 - 15*s**2 + 11*s - 15. What is m(14)?
-57
Let f(s) = -s**2 + 16*s + 459. What is f(-15)?
-6
Let r(z) = -2*z - 10. Give r(-6).
2
Let b(o) = -o**2 + 36*o - 156. Give b(6).
24
Let s(v) = 2*v**2 - 27*v + 81. Calculate s(5).
-4
Let m(a) = 3*a - 14. Determine m(4).
-2
Let m(s) = -s**3 + 5*s**2 + 6*s. Calculate m(7).
-56
Let t(l) = -l**3 - 2*l**2 - 2. What is t(-2)?
-2
Let g(j) = -j + 35. Calculate g(2